94/k)/(-2). What is the greatest common factor of 64 and v?
8
Let n(g) = 21*g + 21 + 13 + 4. Let c be n(-4). Let k be 2/(-7) - c/14. Calculate the greatest common divisor of k and 12.
3
Suppose -730*h + 7837 = -269*h. Calculate the greatest common factor of h and 44982.
17
Let k = -484 + 166. Let r = -290 - k. What is the greatest common factor of r and 252?
28
Suppose -5*u + 5*f - 70 = 0, 70 = -5*u + 3*f + f. Let c(y) = -3*y + 4. Let o be c(u). What is the greatest common factor of 69 and o?
23
Let r(a) = -7*a**3 - 84*a**2 + 2*a - 8. Let o be r(-12). Let l be (9 + -3)*o/(-12). What is the greatest common divisor of 8 and l?
8
Let b be 12/(-96) + ((-64378)/(-80) - (-6)/15). Calculate the greatest common divisor of b and 575.
115
Suppose 68*z - 111248 = -5*h + 66*z, -3*h - 5*z = -66764. Calculate the highest common factor of 432 and h.
216
Let a(n) = -14*n**2 + 17*n + 34. Let z be a(-3). Let s = 169 + z. Calculate the greatest common factor of s and 26.
26
Let i = -102 - -105. Suppose 8 = -i*w - 79. Let k be 3 + (-3 + (w - 0))*-1. What is the highest common divisor of k and 315?
35
Let p be 1/(1*-2) - 589/(-62). Suppose -t = p*t - 30. Suppose 112 = -t*y + 10*y. Calculate the highest common factor of 208 and y.
16
Suppose 3*f - 5*l = -3, -3*l + 2 = f - 11. Let u = 86 + -77. Let b = u - 3. Calculate the highest common factor of f and b.
2
Suppose 4*w - 34 + 40 = 2*v, 5*v - 2*w = 47. Let y(j) = -4*j + 31. Let c be y(7). Calculate the highest common factor of v and c.
1
Suppose -34*z + 16*z = -11*z. Suppose -14*a + 2129 + 5571 = z. What is the highest common divisor of 22 and a?
22
Let i be 157758/11 - 848/(-2332). Calculate the highest common factor of 142 and i.
142
Let z = -2036 + 2043. Calculate the highest common factor of z and 1897.
7
Let f(g) = g**2 + g - 16. Let o be f(-5). Let y(j) = -20*j - 50. Let l be y(o). Let r = l + 160. Calculate the greatest common divisor of 50 and r.
10
Let m = -658 + 1145. Let a = m + -144. What is the highest common factor of a and 147?
49
Suppose -3*a - 31*o + 2585 = -29*o, 6*a - 5164 = 2*o. Calculate the highest common factor of 21 and a.
21
Let i = -282 + 366. Let a(o) = 18*o + 1. Let r be a(5). Let d = r - 63. What is the greatest common factor of d and i?
28
Let k = 16492 - 2254. Calculate the highest common divisor of 21 and k.
21
Let d = 13214 - 13166. Calculate the highest common factor of d and 12288.
48
Suppose 2*v = 5*j + 653, -323 = -v + 24*j - 25*j. Calculate the highest common divisor of 2088 and v.
36
Let i(y) be the first derivative of 16*y**3/3 - y**2/2 - 10*y - 216. Let o be i(7). What is the highest common factor of 13 and o?
13
Suppose 24*c + 4912 - 4936 = 0. Suppose -n + 5 + 8 = 0. Calculate the greatest common factor of c and n.
1
Let k = 109 + -23. Let r = 146 - k. What is the highest common factor of r and 30?
30
Let b(a) = 50*a**2 + 4*a + 10. Let n be b(-3). Suppose -2*k = -2, 13*g = 8*g + 2*k + n. What is the greatest common divisor of g and 36?
18
Suppose -5*a + 17 = -2*s, 0 = -5*a - 4*s + s + 12. Suppose -4*x - 5*p = -7*x + 28, -a*x = -p - 20. What is the greatest common factor of x and 33?
3
Let m = 308 - 200. Suppose 51 - 49 = -2*z, -4*f = -2*z - 146. Calculate the greatest common factor of f and m.
36
Suppose 98 = 5*h - 3*h. Suppose 2*u = q + 47, 7 = -2*u - q + 52. Suppose u - 3 = 5*t, 2*b - 5*t + 6 = 0. Calculate the highest common factor of h and b.
7
Let h(i) = -2*i**2 + 89*i - 38. Let y be h(44). Suppose -4*v + y*v - 252 = 0. Calculate the highest common factor of 14 and v.
14
Suppose 4*w - 76637 - 36815 = -109*w. What is the highest common factor of 12 and w?
4
Suppose -5*j + 375 = 385, 0 = -5*b + 3*j + 46. Let x = 13 + 11. Calculate the highest common factor of x and b.
8
Let h = 435 + -227. Let f = 268 - h. Suppose n + 0*n = 15. Calculate the greatest common divisor of n and f.
15
Suppose -2*v - 5*j - 27 = -199, 85 = v + 3*j. Suppose 88*b = v*b - 1488. What is the highest common divisor of b and 31?
31
Let q = -167 - -333. Suppose q*h - 172*h = -1464. What is the greatest common divisor of h and 61?
61
Let x = -92 - -104. Let f = 1 + x. What is the greatest common factor of f and 182?
13
Suppose 157 + 98 = 15*j. Calculate the greatest common factor of j and 14807.
17
Let h be ((-76)/(-8))/((-3)/(-396)). Suppose 54*k = 401 + 193. What is the highest common factor of h and k?
11
Let c be ((-1)/4)/(6 + (-294)/48). Suppose c*n + 3*d - 1 = 0, 7*d - 22 = -4*n + 5*d. What is the greatest common factor of n and 12?
4
Let r be 1 - (14 + -6) - -34. Calculate the greatest common divisor of r and 837.
27
Let g = -6 - -7. Let k(w) = -14*w**2 - 4*w - 5. Let q be k(-3). Let z = -112 - q. Calculate the greatest common divisor of z and g.
1
Let t be (-68 + -1)*(9 - (-64)/(-6)). Let b be 1309/28 - 3/4. Calculate the highest common divisor of t and b.
23
Let x be (-4)/(-90) - 188065/(-261) - (-4)/10. What is the highest common factor of 98 and x?
7
Suppose 0 = 5*n + 5*k - 4365, 93*k - 101*k + 3496 = 4*n. Calculate the greatest common factor of n and 763.
109
Suppose -5*v = -0*v - 2*w - 15, 5*v = 5*w. Suppose -6*p + 245 = -p - v*m, -3*m - 96 = -2*p. Calculate the greatest common divisor of 306 and p.
51
Let p(w) = -11*w**3 - 16*w**2 + w + 4. Let j be p(-2). What is the greatest common divisor of j and 37622?
26
Let x(z) be the first derivative of z**3/3 - z**2 - 20*z + 8. Let j be x(-4). What is the highest common divisor of 4 and j?
4
Let j(l) = -4*l**2 - 2*l + 14. Let c be j(7). Let t = -79 - c. What is the highest common divisor of t and 13?
13
Suppose 0 = -112*l + 71*l + 2050. Calculate the greatest common factor of l and 1160.
10
Suppose 2 = -g, -4*s + 2*g + 174 = -3*g. Let n = s + -33. Calculate the greatest common divisor of n and 32.
8
Suppose -9*s = -6*s - 12. Suppose -3*z + 6 = 4*j - 18, 24 = s*j - 3*z. Calculate the greatest common factor of j and 57.
3
Let s(a) = -a**2 - 7*a - 10. Let p be s(-4). Suppose -20 = -5*t + o, 0*o = -5*o. Let v be (63/(-14))/((-3)/t). What is the greatest common factor of v and p?
2
Let i be (-6 + 52/6)*18. Suppose -5*z = -4*q - 0*q + 40, i = 4*q - 3*z. Suppose -4*s - 1 + 41 = 0. What is the highest common factor of q and s?
5
Let q = -4785 - -5278. Suppose 3*l + l + 153 = 5*i, -3*l + 52 = 2*i. Calculate the greatest common factor of i and q.
29
Let b be (86/(-4))/((-84)/672). Let d = b + 413. Calculate the highest common factor of d and 65.
65
Let m(y) = y + 3. Let q be m(8). Let b = q + -7. Suppose 149 = b*d + p, p + 15 = 4*p. What is the highest common divisor of 12 and d?
12
Let c(u) = 11*u + 20. Let b be c(-4). Let v be ((-44)/6)/((-95)/b + -4). Calculate the highest common divisor of 16 and v.
16
Suppose 20*n - 22*n = -60. Suppose 0 = -u + n + 89. What is the highest common factor of 21 and u?
7
Let u(d) = 2*d**2 - 3*d - 24. Let f be u(-6). Suppose 27*r = 25*r + f. What is the greatest common divisor of r and 77?
11
Let j = -56 - -461. Let i = -85 + j. What is the greatest common divisor of 20 and i?
20
Suppose -2470 = 194*l - 207*l. Let c be l - (-2 - (-8 + 8)). What is the highest common factor of c and 256?
64
Let i be 32/(1 - -3) + -310. Let u = -43 - i. Calculate the highest common factor of 7 and u.
7
Let z be (22296/26)/(3/39). What is the highest common divisor of z and 24?
12
Suppose 2*k = 3*o - 9, 6*k - 2*k = 0. Let r be ((-30)/40)/(o/(-8)). Let f be (-27)/r*(-3 + -3). Calculate the highest common factor of 9 and f.
9
Let v = 119 + -17. Suppose 0 = -4*x - 0*x + 728. Let j = x - v. Calculate the highest common factor of j and 20.
20
Let q(m) = -8*m - 100. Let n be q(-28). Let f be 64/5 - (7 + n/(-20)). Calculate the highest common factor of f and 4.
4
Let k(s) = -s**2 + 2*s. Let q be k(2). Suppose 378 = 3*n - q*g + 3*g, -g = 3*n - 384. Suppose 123 = 2*l - n. What is the highest common divisor of l and 14?
14
Let k = -28 - -34. Let m = 9 - k. Suppose 42 = m*u - u. Calculate the highest common factor of 42 and u.
21
Let c be (-1616)/(-80) + 3/(-15). Let u be 0 - 24/c*(-10)/3. Suppose 3 = 5*i - 17. Calculate the greatest common divisor of i and u.
4
Let l = -20293 - -28095. Calculate the highest common factor of 664 and l.
166
Suppose 4*d - 412 = 848. Let y be (2 + -1)/6 - d/(-54). What is the greatest common factor of y and 42?
6
Let a 